*k + 0*k + 8*k + 4 - k**2 - 3. Determine h(-2).
-1
Let t(l) be the third derivative of -15*l**2 - 1/12*l**4 + 0 - 1/30*l**5 + 1/3*l**3 + 2*l. Give t(3).
-22
Let p(g) be the second derivative of -5/6*g**3 + 0 - 22*g + 1/20*g**5 + g**2 + 1/6*g**4. Suppose -u - 2*w - 10 = 0, -3*u - 2*u - 11 = -3*w. What is p(u)?
-10
Let c be 5/2 + (-3)/6. Let f(n) = 7*n - 11*n**2 + c*n**2 + 1 - 2*n**3 + 3*n**3. Let t be 1 + ((-318)/(-46) - 28/(-322)). Give f(t).
-7
Let g = 140 - 144. Let c be g/10 + (-88)/(-20) + -1. Let n(a) = 16 + a + c - 7. Give n(0).
12
Let w(g) = -g**3 - 11*g**2 + 21*g + 21. Let p(m) = 4*m**3 + 33*m**2 - 69*m - 64. Let b(v) = -2*p(v) - 7*w(v). Calculate b(10).
-9
Let g be 2/7*6 - 2/(-7). Suppose g*n + 1 - 23 = 5*m, 0 = n - m - 8. Let p(a) = a**3 - 5*a**2 - 5*a - 4. Give p(n).
2
Let t be (3 - -1) + (-40)/(-4). Let p = -1 + 1. Let y(n) = 15 - 2*n + p*n - 8*n - t. Calculate y(1).
-9
Let y(b) = 6*b + 5. Let j(u) = 3*u**2 + 83*u - 25. Let n be j(-28). Suppose -n*t = 4*a + 11, -5*a = -0*a - 5. Calculate y(t).
-25
Let v(l) = -l**3 + 2*l**2 + l - 4. Let d(b) = b**3 - b**2 + b - 2. Suppose 34 = -3*t + 31. Let c(u) = t*d(u) + v(u). What is c(2)?
-6
Let w(t) = -1 + 2*t**2 + 2*t**3 + 2*t**3 + 2*t - 3*t**3. Let l be 38/57*(1 + 14). Suppose 30*p + l = 25*p. Calculate w(p).
-5
Let a(t) = t**2 + 7*t - 18. Let c = -7305 - -7294. Give a(c).
26
Let r(z) = -577 + z**2 - 570 - 18*z + 2289 - 571 - 582. Calculate r(19).
8
Let f(v) be the second derivative of -v**5/20 + 7*v**4/6 - 25*v**3/6 + 3*v**2 + 2*v + 828. Determine f(12).
-6
Let r(t) = 9 - 93*t**2 + 3*t - 5*t - 5*t + 94*t**2. Determine r(6).
3
Suppose 4*d + 28 = -2*u, -2*u - 3*u - 3*d = 42. Let w = -11 - -31. Let f(r) = -w*r + 4 - 2 + 22*r. Give f(u).
-10
Let m(i) = i + 1. Suppose -5*r = -2*v - 148, 2*v = 2*r - 2*v - 72. Let n be 180/120*r/(-6). Calculate m(n).
-6
Let m(s) = 8*s - 92. Let d be m(16). Let c(v) = -5 - 106*v + 71*v + d*v. Determine c(4).
-1
Let v = 39855 + -39851. Let r(g) = g**3 - 4*g**2 - 5*g + 7. What is r(v)?
-13
Let b(z) = -z**3 + 7*z**2 - 19*z + 29. Let j(t) = t**3 + 90*t**2 + 1002*t + 81. Let x be j(-77). Give b(x).
1
Let n be (-6)/(-4) + 6/12 + -2. Suppose -6*i - i = n. Let q(t) = 2*t**2 + t - 1. Give q(i).
-1
Suppose 32*s - 29*s - 24 = 0. Let h(a) = 3*a**3 - a + 8*a - s*a**3 - 7*a**2 + 6*a**3 - a - 2. Calculate h(5).
-22
Suppose 0*a - 6 = -3*a. Let u(j) = -2*j**a - 4*j**3 + j**3 + 0*j - j**2 + 3*j. What is u(2)?
-30
Let o(k) be the first derivative of -3*k**2/2 - 2*k + 1082. Suppose 120*y + 9 = 123*y. Determine o(y).
-11
Let t(f) = 3*f + 2. Let z(m) = -13*m - 9. Let i be (-4)/(-1) + (-6 - -4). Let j(y) = i*z(y) + 9*t(y). Calculate j(1).
1
Suppose 8*i + 9*i + 22*i - 78 = 0. Let b(s) = 16*s + 7. Calculate b(i).
39
Suppose -495 = 5*r + 3*n, -5*r - 2*n - 495 = -6*n. Let p = r + 96. Let a(j) = -j**2 + 1. Calculate a(p).
-8
Let r(s) = -2*s**2 - 13*s + 13. Suppose 0 = 14*j + 87*j + 108*j + 1672. Determine r(j).
-11
Let n be 0 + 2/(-18) - 1650/(-5940). Let a(g) be the second derivative of -1/12*g**4 - g**2 + n*g**3 - 14*g + 0. Calculate a(-3).
-14
Let d be 6 - -80 - (-4 - -6). Suppose -4*w = d - 64. Let x(l) = -2 - l + 6 + l**2 + 7*l. What is x(w)?
-1
Let j = 228 + -222. Let g be j/8*40/75*5. Let h(x) = -2*x**3 - x**2 + x + 1. Calculate h(g).
-17
Suppose -5*a - 80 = -4*k, 2*k = 2*a - 3*a + 40. Suppose -2*t - 5*j - 28 + 5 = 0, -3*j - k = -5*t. Let c(l) = 1 - l - l**2 - l**2 + 2*l**2 + 2*l**2. Give c(t).
2
Let u = 352 - 430. Suppose 98 + 64 = 2*j. Let q = j + u. Let f(k) = k**3 - 4*k**2 + 4. Determine f(q).
-5
Let u(c) = 5*c + 1. Suppose -28 = 179*y - 175*y. Let s be (-1)/(y - (1 + -7)). Give u(s).
6
Let s(h) = -29*h - 96. Let a = 6365 - 6369. What is s(a)?
20
Let k(j) = -j**3 + 5*j**2 - 2*j - 9. Let r be k(3). Let n(c) = c + c - 4*c - r - 2. Let f be (-18)/(-15)*30/(-9). Give n(f).
3
Let c(u) = 4*u - 19. Let m(g) = 8*g - 37. Let i(x) = -7*c(x) + 4*m(x). Suppose -36*s = -10*s - 260. Give i(s).
25
Let g(t) = -9*t**3 - 2*t + 1. Let k be (2 + (-24)/9)*-339. Suppose 3*q + k - 40 = 0. Let b = -61 - q. What is g(b)?
-10
Let q(x) = x**2 - 15*x + 19. Let i be q(13). Let j(b) = -b**2 - 2*b - 2. Let f(v) = -v**2 - 3*v - 2. Let t(r) = 4*f(r) - 3*j(r). Give t(i).
-9
Suppose 5*m = n - 17, 4*m = 2*n + n - 18. Let p(w) = -5*w + 195 + 2*w + 3*w + 3*w - 192. Determine p(m).
-6
Suppose -1560*c + 30 = -1565*c - 5*z, z + 6 = 0. Let q(m) be the second derivative of -5/2*m**2 - 1/6*m**3 + c - 3*m. Give q(-7).
2
Let i(c) = -3*c + 10. Let n be 0/(-1) - (6 - (16 + 0)). Let f be i(n). Let p be 1/(-1) - (-22 - f). Let r(k) = 13*k**3 + 1. What is r(p)?
14
Suppose 0 = -5*g + g + 20. Let d = -1708 + 4970. Let b(p) = 5 - d*p + 2*p**3 + 6*p**2 + 3258*p - 3*p**3. Determine b(g).
10
Let l(w) = 8*w + 2. Suppose 39*b + 24 - 609 = -78*b. Calculate l(b).
42
Let x(k) be the third derivative of 1/12*k**4 + k**3 + 0*k + 0 + 41*k**2. Give x(-5).
-4
Suppose 4*q + 4 = s - 1, -5*q - 3*s + 15 = 0. Let i(u) = -5*u**2 + 8166 + 3*u**2 + u**2 + u + 0*u**2 - 8151. Give i(q).
15
Let x(r) = r**3 + 4*r**2 - r + 3. Let p(m) = 2*m + 10. Let z be p(7). Suppose -4*v - 5*q = 1, -z = -q - 21. What is x(v)?
7
Let c(y) = 6*y - 22. Suppose -990*a = -982*a - 40. Give c(a).
8
Let j(q) = -2*q**3 - 3*q**2 - 2*q. Let b = -1 + -1. Let a be j(b). Let s(z) = 1535*z + 21. Let h(f) = -1919*f - 23. Let i(k) = -4*h(k) - 5*s(k). Determine i(a).
-5
Let t(l) = 3*l**2 - 15*l - 6. Let o(k) = -4*k**2 + 22*k + 9. Let j(w) = 5*o(w) + 7*t(w). Let v = 255 - 260. Give j(v).
3
Let p(s) = 2*s - 52559*s**2 - 8*s + 52558*s**2 - 3. Let o = 18 + -11. Let j = 4 - o. Give p(j).
6
Let g(x) = -2*x**2 + 11*x - 2. Suppose 213*q - 211*q = -2*v + 22, -2*v + 16 = q. What is g(q)?
-8
Suppose -49*p + 31*p = -162. Let j(k) = 3*k - 7. Calculate j(p).
20
Let j(m) = m**2 - 9*m + 12. Let w(n) = -n**3 - 23*n**2 + 58*n + 1338. Let a be w(-23). Determine j(a).
-8
Let b(c) = -c**3 - 3*c**2 + 2*c. Suppose 2*l + 7 = 17. Suppose -2*y = -l*h - 0*h + 10, h - 2 = -3*y. Suppose 4*m + 5 + 11 = y. What is b(m)?
8
Let z(h) = 3*h**2 - 4*h**2 - 3*h - 99126 + 99124. Give z(-3).
-2
Let n be (-14)/(-4) - 4/(-8). Suppose n*s + 2 = 30. Let g(q) = 6*q**2 + s*q + 6*q - 14*q. What is g(1)?
5
Let i(p) = 2*p**3 + 32*p**2 - 74*p - 43. Let l be i(-18). Let s(n) = -n**3 - 8*n**2 - 9*n - 4. What is s(l)?
10
Suppose -17 - 3 = -4*f. Let d(h) be the first derivative of -2*h - 131 + 7/2*h**2 - 1/3*h**3. Calculate d(f).
8
Suppose 32*u = 46 - 58 - 52. Let g = 2 - 5. Let b(j) = 30*j. Let c(s) = 10*s. Let m(f) = g*b(f) + 10*c(f). What is m(u)?
-20
Suppose 9 - 9 = 6*c. Let i(p) = -35237*p**2 - 35 + 17619*p**2 + 17619*p**2. Calculate i(c).
-35
Let a(m) = -m**2 - 3*m + 8. Let k be (49/(-70))/((-9)/(-90)). Give a(k).
-20
Let s = -604 - -398. Let g = 206 + s. Let t(c) = c**2 + 17. What is t(g)?
17
Let v(a) = -a**3 + 7*a**2 - 10*a + 25. Let u be (-280)/(-45) + 20/(-90). What is v(u)?
1
Let j(m) = -8*m - 204. Let x(c) = 16*c - 1148. Let h be x(70). Determine j(h).
20
Let i(t) be the third derivative of 7/24*t**4 + 2*t**2 - 4/3*t**3 + 0 - 8*t - 1/60*t**5. Calculate i(6).
-2
Let y be 0/(3*36/54). Let b(k) = 31*k - 4. What is b(y)?
-4
Let j(v) be the third derivative of v**2 + 1/3*v**3 + 0*v - 1/3*v**4 + 0. Let c = -8782 - -8785. Determine j(c).
-22
Let f be (-62 - -65)*(-24)/27*3. Let r(l) = 7*l**2 + 55*l + 1. Calculate r(f).
9
Let b(q) = -q**2 - 19*q - 6. Let x(s) = -s**3 + 57*s**2 + 15*s - 872. Let r be x(57). Calculate b(r).
28
Let g(c) = -9*c**2 + 25*c - 13. Let u(k) = 5*k**2 - 13*k + 7. Let j(v) = -4*g(v) - 7*u(v). Let n be (6/(-4))/((-2019)/5384). What is j(n)?
-17
Let c = 266 - 265. Suppose -4*j - 2*y = -312, -5*y + 3*y + 233 = 3*j. Let t(x) = -x - j + 79. What is t(c)?
-1
Let t(h) = -h**3 - 14*h**2 - 26*h + 74. Let x be t(-11). Let q(o) = 22*o + 33. Calculate q(x).
-33
Let b(i) = -2*i**2 + 78*i + 163. Let g be 26 + -8 + (-69)/(-3). Determine b(g).
-1
Suppose 3*q = 2*l - 13, -3 = -0*l - l - 2*q. Let j(f) = 1 - 3 + 0 - l*f**2 + 3. Let b be ((8/5)/(-4))/(10/25). Calculate j(b).
-4
Let z(c) = -8*c - 11. Suppose -518 + 503 = 5*b. What is z(b)?
13
Let l be 20/4*2/(-2). Let m(g) = -g**2 + 7*g + 66. Give m(l).
6
Let y be (-50)/30*(3 - (-72)/(-20)). Let p(s) = -2*s**3 - s**2 + 2*s - 1. Determine p(y).
-2
Let p(g) = g**3 - 3*g**2 - 5*g + 6. Let